 units digit of o(3)?
4
Suppose 4*g - 7 - 5 = 0. Suppose -2*o + 39 + 3 = -5*f, -g*f = o - 10. Suppose o = 4*l - 2*l. What is the units digit of l?
8
Suppose 3*i + 2*k = 173, 4*k = -i + 18 + 53. Suppose 6*h + 4*r - 46 = 4*h, 5*h = 5*r + i. Let s = -10 + h. What is the units digit of s?
5
Suppose 4*o - 8 = 3*c, -2*c - 8 = -4*o - c. Let v = 3 - o. What is the units digit of v?
1
Let q = 46 + -28. What is the tens digit of q?
1
Let k(m) = m**2 - 4*m + 4. Let f be k(5). Suppose 0*n - 5*n + 5 = 0. What is the units digit of -4 - -2 - (n - f)?
6
Suppose -2*z - 8 = -3*z. Suppose 2*r + 11 = 5*v + 1, 0 = -5*v + r + 15. Suppose v*u - z = 4. What is the units digit of u?
3
Let u = 295 + -95. Suppose 6*b - u = b. What is the tens digit of b?
4
Suppose 96 - 7 = k. What is the units digit of k?
9
Let q = -6 + 4. Let k = -6 - -10. What is the units digit of 5/2*(q + k)?
5
Let j(u) = -2 - 2*u**2 + 3*u**2 + 3*u - 2*u**2. Let r be j(2). Suppose -4*f = -v + 17, 3*v - 23 = 5*f - r. What is the units digit of v?
1
Suppose 3*f - 5*c = -2*f + 110, -88 = -4*f - 3*c. What is the tens digit of f?
2
Let q(n) = 3*n + 4. Let a be q(9). Let i = a + -8. What is the units digit of i?
3
Let q(w) = 11*w**2 - 4*w. What is the units digit of q(-2)?
2
Suppose 0 = 11*w - 14*w + 249. What is the units digit of w?
3
Suppose -2*b - 14 = -0*b. Let j = b + 25. What is the tens digit of j?
1
Let y(k) = -k**3 + k**2 - k - 4. Let o be y(0). Let x(u) = -10*u - 2. Let a be x(o). Suppose -5*m = -a - 27. What is the units digit of m?
3
Let l = -3 + 5. Suppose u - 4*d - 8 = -0*u, 0 = 2*u - l*d - 10. Suppose -64 = -3*z - u*s, s = 3*z + 2*s - 61. What is the tens digit of z?
2
Let q = 1 - -4. Suppose 0 = 2*o - q*o + 114. What is the tens digit of o?
3
Let f = 0 + 0. Suppose 4*g - 3*a = -2 + 42, 61 = 5*g - a. Suppose q = 4*q - 4*p - 33, q - 2*p - g = f. What is the units digit of q?
7
What is the tens digit of (-3*(0 + -1))/(12/148)?
3
Let j = 2 + 1. What is the tens digit of ((-2)/j)/((-1)/33)?
2
Let o(n) be the first derivative of -n**2/2 - 6*n - 2. Let z be o(-6). Suppose z = 3*c - 0*c - 6. What is the units digit of c?
2
Suppose 6 = 5*w - 2*w. Suppose -m = -5*b - 2, 38 + w = 4*m - 4*b. What is the units digit of m?
2
What is the tens digit of 1 + 26 - 20/5?
2
What is the units digit of 3/(-7) - 10/(-7)?
1
Let z(b) be the second derivative of b**5/20 + 11*b**2/2 + 4*b. What is the tens digit of z(0)?
1
Suppose 4*w - 15 = 17. Suppose 0 = 4*p - 0 - w. What is the units digit of p?
2
Let m = 14 + -6. Suppose 0*n + m = n. What is the units digit of n?
8
Let w(t) = 266*t**2 + t - 1. What is the tens digit of w(1)?
6
Let z(l) be the first derivative of -11*l**3/6 - 3*l**2/2 - 2*l - 3. Let i(y) be the first derivative of z(y). What is the units digit of i(-2)?
9
Let v = 1 + 0. Let c be (13/(-3))/((-2)/6). What is the tens digit of v*-1*(-3 - c)?
1
What is the units digit of 4 + (1 + 1 - (4 + 0))?
2
Suppose 2*m + 2 = -10. What is the units digit of m/2 + (28 - 3)?
2
Let g(s) be the second derivative of s**4/12 + s**3/2 - 3*s**2 + 2*s. What is the tens digit of g(-6)?
1
Suppose 0 = -3*y + v + 40 - 0, -y = -2*v - 20. Let f be (-2)/9 + 168/27. Suppose y = -3*m + f*m. What is the units digit of m?
4
Let w(o) = 5*o - 5. Let z(t) = 2*t - 2. Let m(c) = -3*w(c) + 7*z(c). Let x = -2 + -1. What is the units digit of m(x)?
4
Suppose 21 = 2*v - 5*b, -9 - 7 = -2*v + 4*b. Let n be (-66)/(-15) + v/5. What is the units digit of 58/n - (-2)/(-4)?
4
Let t = 22 - 22. Suppose -2*c + 0*c + 76 = t. What is the tens digit of c?
3
Let h(i) = 4*i**2 - 9*i - 42. What is the tens digit of h(-6)?
5
Suppose 0 = -l + 5 + 23. What is the units digit of (144/42)/(2/l)?
8
Let k = 483 + -222. What is the tens digit of k?
6
Let h be (-3)/6*(-1 - -1). Suppose -3*t = -h*t. Suppose t = 5*a + 2*o - 48 + 2, 0 = 3*a - o - 21. What is the units digit of a?
8
Suppose -5*u = 2*q - 53, 4*u - 20 = 5*q - 4. What is the units digit of 16 - -3*(-3)/u?
5
Suppose 2*d + 3*t - 2 - 1 = 0, -4*t = -3*d - 21. Let q(i) = -i**3 - 2*i**2 + 2*i + 2. Let j be q(d). Let n = j + -1. What is the units digit of n?
4
Suppose 6 = o + 2*h - 10, 5*o - 91 = h. What is the tens digit of o + 3 + (-1 - 0)?
2
Suppose 20 = n + n. What is the units digit of n?
0
Let z be 8 - 2/(6/(-3)). Let u(w) = -w**2 + 11*w - 13. Let x be u(z). Suppose -32 = -4*b - x*k + 13, 4*b = -4*k + 40. What is the units digit of b?
5
Let m(w) = 11*w**2 + 8 + 14*w + w**3 - 4*w**2 - 8*w. Let u be ((-8)/10)/(4/30). What is the units digit of m(u)?
8
Let c be 5*2*(-2)/(-4). Suppose -3*u - c*m + 26 = 0, -m = 4*u + u - 14. Suppose 4 + 0 = u*r. What is the units digit of r?
2
Suppose 65 = 4*u + u. Let s = -8 + u. Suppose -f + 8 = -d, s*d + 9 = -6. What is the units digit of f?
5
Let y(q) = q + 11. What is the tens digit of y(19)?
3
Let u(m) = 6*m - 7. What is the tens digit of u(8)?
4
Let f(a) = -a**2 + a + 5. Let i be f(0). Suppose 2*v = -l + 1 + 3, 0 = -l - i*v + 7. What is the units digit of l?
2
Let z(i) = -2*i - 3*i - 4 + 4*i + 9. What is the units digit of z(-9)?
4
Suppose -v - 5*x = 43, 86 = -v - v - 3*x. Let l = -31 - v. What is the tens digit of l?
1
Suppose d - 4 = -3*q, -4*q - 4*d = 4 - 20. Suppose -4*b + 56 = -q*b. What is the units digit of b?
4
Let r = -82 - -84. Suppose -g + 3 + 2 = 0. Suppose 33 = 3*x - g*o, -3*x = r*x + o - 27. What is the units digit of x?
6
Let k(o) = o**2 - 14*o. Let q be k(11). Let y = -17 - q. What is the units digit of y?
6
What is the units digit of ((-2)/(-2) - 3) + 76?
4
Suppose -9*r = -4*r - 30. Suppose -2*m + r = -0. What is the units digit of m?
3
Let v = 29 + 4. What is the tens digit of v?
3
Let r(k) = k**3 + k**2 + k + 8. What is the units digit of r(0)?
8
Suppose -y + 6 = 4*j, -5*y - j = j - 12. What is the units digit of 5 - (y + 0 + -1)?
4
Let x = -37 - -55. Let u = x - -3. What is the tens digit of u?
2
Let r(a) = 2*a - 6. Let z be r(6). Suppose -2*b + z = b. Suppose -4*w + 21 = c, -b*c - w = 3*c - 29. What is the units digit of c?
5
Let u = 5 - -3. Suppose -2*l + u = -30. What is the units digit of l?
9
Let t(r) = 7*r**2 + 3*r - 1. What is the tens digit of t(2)?
3
Let c(a) = 7*a**2 + 6*a**2 - 2*a**2. What is the units digit of c(1)?
1
Let p = -4 - -7. Suppose -14 = -4*u - 2*r, u + p*r + 10 = -2*r. What is the units digit of u?
5
Suppose 4 + 55 = q. What is the tens digit of q?
5
Let h(w) = 3*w**3 - w**2. Let v = 11 - 10. Let k be h(v). Suppose 4 = k*y, -3*t = -t + y - 34. What is the tens digit of t?
1
Let i = 3 + 0. What is the units digit of ((-1)/2)/(i/(-12))?
2
Let t = 3 + 3. What is the units digit of (-4)/(-6) - (-2)/t?
1
Let r be 2/5 + 8/5. Suppose r*p = 4*p - 6. What is the units digit of p?
3
Let z be 9/(1 - 9/6). Let w be 4/z + (-598)/(-18). Suppose 0 = -a + w - 14. What is the units digit of a?
9
What is the units digit of 1*-1 + (16 - 12)?
3
Let k(r) be the first derivative of r**3/3 + r**2/2 - r - 4. What is the units digit of k(4)?
9
Suppose -r - i = -51, 3*i - 10 - 193 = -4*r. What is the units digit of r?
0
Suppose -6*l - 515 = -1685. What is the tens digit of l?
9
Let o(u) = 6*u + 7 + 6*u - 3. What is the units digit of o(3)?
0
Suppose 4*q + 54 - 202 = 0. What is the units digit of q?
7
Let a(m) = -m**3 + 15*m**2 - 12*m - 20. What is the units digit of a(14)?
8
Let k = 102 + -59. What is the tens digit of k?
4
Let o = 476 - 337. What is the units digit of o?
9
Let y = 24 - 15. What is the units digit of y?
9
Let h = 3 - -1. What is the units digit of 104/(-2)*h/(-8)?
6
What is the tens digit of -3 - 5/((-25)/705)?
3
Let k = -1 - -4. Suppose -13 = -5*g - k. Suppose g*z - 5*i - 21 = 3*z, z - 3*i = 19. What is the units digit of z?
4
Let g = 4 + -20. Let o = 6 - g. What is the units digit of o?
2
Suppose 7 + 1 = 2*c. Let y = -4 + c. Suppose 4*z - 23 - 13 = y. What is the units digit of z?
9
Suppose -m - 3*m = 0. Suppose 5*r - 28 - 22 = m. What is the tens digit of r?
1
Let b(r) = -r + 4. Let q be b(-4). Suppose -2*i + 6*i = q. Suppose 0 = -i*w + 6. What is the units digit of w?
3
Let t be (-3 + 4)/(1/(-15)). What is the tens digit of (3/t + -1)*-10?
1
Let x = 150 + -67. What is the tens digit of x?
8
Let l(n) = n**3 - n**2 - 7*n + 5. What is the tens digit of l(5)?
7
Suppose -5*r = 0, -3*a + 2*a = -3*r - 3. Let c = -3 + a. Suppose c = 3